eatest common divisor of 20 and z.
20
Let a(r) = 15*r**2 + r - 7. Let g be a(2). Calculate the highest common divisor of g and 198.
11
Let j(r) = -39*r - 9. Let x be j(-9). Let u = x - 157. Suppose 3*q - 190 = -2*q + 2*b, -3*b = -5*q + u. What is the highest common divisor of 60 and q?
20
Let l be 8/40 - (-99)/5. Suppose 3*p - l = -p. Suppose -2*b + p*x + 39 = 9, b - 18 = x. What is the highest common factor of b and 5?
5
Suppose -200 = -2*n + 3*z + 280, 2*z - 720 = -3*n. Suppose 5*c = 915 - n. Suppose 5*x - c = 2*x. What is the highest common divisor of 15 and x?
15
Suppose l = -2*b + 22, 53 = 4*l - 2*l - 5*b. Let c be (-478)/(-4) - (-12)/l. Calculate the greatest common factor of c and 24.
24
Let p(b) = 2*b**3 - 11*b**2 - 5*b - 3. Let g(z) = -3*z - 27. Let m be g(-11). Let y be p(m). Calculate the greatest common divisor of 2 and y.
1
Let z(j) = -106*j - 20. Let i be z(-10). What is the highest common factor of i and 20?
20
Let h be -4*(-9)/12 - 33. Let n be 60*5/h*-4. Calculate the greatest common divisor of n and 5.
5
Suppose 2*o = s + o + 1, -5*s + 2*o = -4. Suppose 520 = 3*v + s*v. Suppose -4*x - 2*p = -60, -x + 1 + 0 = -3*p. Calculate the highest common factor of x and v.
13
Let h be -9 + 6 + -3 - -116. What is the highest common factor of h and 66?
22
Let z be 3/(12/(-1))*(1 + 3). Let x(f) = -38*f**3 - 2*f. Let d be x(z). Calculate the highest common factor of d and 5.
5
Let q(v) = -v**2 - 5*v + 17. Let d be q(-6). Let w = 130 + -24. Let j be 2/d - w/(-22). What is the greatest common divisor of j and 10?
5
Let k = 98 - 50. Calculate the greatest common divisor of k and 36.
12
Suppose 10*u = 5*u - 2*f + 398, -4*u - 3*f = -317. Let w = 11637 - 11627. Calculate the highest common divisor of w and u.
10
Let f = 62 - -10. What is the highest common divisor of f and 16?
8
Let u be 253/22 + (-3)/(-6). Calculate the greatest common divisor of 12 and u.
12
Suppose 0 = -4*r + n + 4 + 5, -3*r = -2*n - 3. Suppose -5 = -r*c + 55. Calculate the highest common divisor of c and 4.
4
Let v be 3 + 0 - 13*(0 + -9). Calculate the highest common divisor of v and 192.
24
Let q = 90 + -26. Let y be (-10 - -1) + (4 - 4). Let f(b) = -b - 1. Let r be f(y). Calculate the highest common divisor of q and r.
8
Let h = 1 - 3. Let w be (6 + -7)/(3/(-27)). Let m = h + w. Calculate the highest common divisor of m and 14.
7
Let d(g) = -g**2 - 27*g + 8. Let o be d(-27). Let q(n) = -n**2 + 4*n + 4. Let t be q(4). What is the highest common divisor of t and o?
4
Let g be (2/(-8))/((-2)/40). Suppose g*n = -0*n + 10. Suppose -4*k - 5*f = 139 - 519, 0 = k + n*f - 98. What is the highest common divisor of k and 10?
10
Let c be 84*(9/2)/(-3). Let o = c + 368. Suppose -59 = -5*s + 51. What is the highest common divisor of s and o?
22
Suppose 6*f - 10*f = -188. Let p = f - 24. Calculate the highest common factor of 23 and p.
23
Let c = 16 + -13. Let b = c + -3. Suppose b = -5*i + i + 148. Calculate the greatest common factor of i and 407.
37
Let s be (-222)/(-9)*(-102)/(-4). Suppose 842 = 5*c - 2*y, -130 = 3*c + 5*y - s. Let n = 32 + -11. What is the greatest common divisor of n and c?
21
Let o be (-391)/(-69) + 2/(-3). Let n be (-1)/(o + (-522)/104). Suppose 0*y = -y + 78. What is the highest common factor of n and y?
26
Suppose 4*j - 1398 = -p - 370, p - 4 = 0. Calculate the highest common factor of j and 4.
4
Suppose -5*z = -10*z + 160. Let w = 170 - 106. What is the highest common divisor of z and w?
32
Let q be 322/3 - (-2)/3. Let n be ((-18)/5)/(345/(-1150)). Calculate the highest common factor of n and q.
12
Suppose -3*u - 6*r + 10*r + 72 = 0, 2*u = 4*r + 44. What is the highest common factor of 48 and u?
4
Suppose -2*m + 492 = 4*z - 4*m, 0 = -4*z - 5*m + 478. Suppose -5*k = d - z, k + 16 - 42 = -d. Calculate the greatest common divisor of 18 and k.
6
Let s(a) = 4*a**2 + 2*a + 2. Let i be s(-2). Suppose -473*t = -5*j - 468*t + 800, -4*j - 3*t = -598. What is the highest common divisor of i and j?
14
Let k = -1476 + 1520. Calculate the greatest common factor of k and 52.
4
Suppose 2*k - 380 = -50. Let v = -76 - -113. Suppose -2*b + v = 7. What is the greatest common divisor of k and b?
15
Let x(g) = -4*g + 15. Let l be x(3). Calculate the greatest common factor of 8 and l.
1
Let t(g) = -g**2 + 69*g + 64. Let s be t(0). Calculate the greatest common divisor of s and 2048.
64
Let m = 151 - 107. Let o be (-172)/(-22) - (-8)/m. What is the greatest common factor of 24 and o?
8
Suppose 0 = p + 4*v - 379, -3*p - p + 3*v + 1573 = 0. Calculate the greatest common divisor of p and 17.
17
Let j(y) = y + 27. Suppose 3*i = -c - 44, -6*i + 4*c - 45 = -i. Let s be j(i). Calculate the greatest common divisor of s and 56.
14
Let r = -741 - -782. Calculate the greatest common factor of r and 1681.
41
Let r be (2 + -7 + 3)/(25/(-250)). Calculate the greatest common divisor of r and 365.
5
Let i(v) = -3*v - 2. Let a be i(-2). Suppose u - 11 = -3*j, 4*u - 3*j = 8*u - 35. Calculate the greatest common divisor of a and u.
4
Let n be (-30)/(-3) - (4 + -7 + 2). Suppose -3*y - 3*t + n = -199, -3*t = 5*y - 346. Calculate the greatest common factor of 34 and y.
34
Let c = 190 - 167. What is the greatest common divisor of 69 and c?
23
Let l = -271 + 279. Calculate the highest common divisor of 72 and l.
8
Suppose -5*r - 27 = -602. Suppose 5*c = -188 - 107. Let a = r + c. What is the greatest common factor of 8 and a?
8
Let j(s) = -s**2 - 13*s - 20. Let v be (4 + -5)/(1/10). Let u be j(v). Calculate the highest common divisor of u and 25.
5
Let i be (-19)/6 - 8/(-48). Let g be i + (-10 - 2)/(-3). Let h be (-10)/(-3) + (-11)/33. Calculate the greatest common divisor of g and h.
1
Suppose -2*j = -3*j + 2. Suppose j*d = -3*w - 47, -d + 0*d + 36 = -2*w. Let a = -4 - w. What is the greatest common divisor of 52 and a?
13
Let k be 2/(-4) - 180/(-8). Let x(j) = j**3 + 3*j**2 + j - 7. Let a be x(5). What is the greatest common divisor of k and a?
22
Let u = -19 - -19. Suppose -5*k + 0*k + 155 = u. Suppose 15 = i + 3*j - 12, -i - 5*j + k = 0. Calculate the highest common factor of 231 and i.
21
Let r be (10 + -2)/24*3*45. What is the greatest common divisor of 18 and r?
9
Let l(h) = -h**3 + 6*h**2 + 17*h + 12. Let y be l(8). Let n = -333 - -44. Let i = 449 + n. What is the highest common factor of i and y?
20
Let g(u) = 81*u**2 - 38*u + 89. Let z be g(5). Calculate the greatest common factor of z and 13.
13
Let r(t) = -t**2 - 27*t + 5. Let k be r(-27). What is the highest common factor of 215 and k?
5
Suppose 0 = 26*d - 20*d - 72. Calculate the highest common factor of d and 32.
4
Let f be 1/(-2) + (-3)/2. Let j be (0 - -4)*(-1)/f. Let i be 30/(8/2 - j). What is the greatest common factor of 105 and i?
15
Let m(d) = -23*d + 677. Let p be m(19). What is the greatest common divisor of p and 48?
48
Let s be (-3*5/30)/(6/(-1632)). What is the greatest common divisor of 48 and s?
8
Let p(g) be the first derivative of g**4/4 + 4*g**3 + 3*g**2/2 + 14*g + 7. Let f be p(-11). Calculate the highest common divisor of f and 17.
17
Let x(b) = -492*b - 268. Let f be x(-5). What is the greatest common factor of 16 and f?
16
Suppose 0 = -0*o - 21*o + 1680. Calculate the greatest common factor of o and 20.
20
Let v = 67 - 64. Suppose -8*x = -v*x - 45. Calculate the greatest common divisor of x and 81.
9
Suppose 123 = 4*s - 5*k, 4*s - 32 = -k + 97. Let c = -198 - -454. What is the greatest common factor of s and c?
32
Let m(g) = -21*g - 125. Let j be m(-7). What is the greatest common divisor of 10 and j?
2
Let f be ((-1)/2)/((-2)/20). Let r(v) = -v**3 + 3*v**2 + 4*v + 9. Let x be r(4). Let b = x + f. Calculate the greatest common factor of b and 154.
14
Suppose -4*b + 12 = -24. Calculate the highest common divisor of 36 and b.
9
Let u = 18 + -9. Suppose 4*s - 47 + 10 = -5*b, 3*b - u = 2*s. Suppose 5 - 48 = -5*w + s*c, -4*w - c = -48. Calculate the greatest common factor of w and 88.
11
Suppose -10 = -5*f + 3*j + 8, -5*j = -20. Let h be -185*3/(-2)*4/f. What is the greatest common divisor of h and 37?
37
Let l = 359 - 269. What is the highest common factor of 30 and l?
30
Suppose -3*f - 70 = 5. Let a be 25/(-2)*40/f. Calculate the greatest common factor of a and 20.
20
Suppose 2*t = -0*t + 5*d + 995, t = 4*d + 499. Suppose